e highest common factor of w and 606.
6
Let p be (4 - 0) + 1 + -1. Suppose 0 = 5*v - 2*j - 530, -22 - 3 = -5*j. Let g = v + -60. Calculate the highest common factor of g and p.
4
Suppose 8*b - 135 = 65. Suppose -6*p + b + 11 = 0. What is the greatest common factor of p and 42?
6
Let h(t) = 272 + 116*t - 125*t - 61. Let s be h(23). What is the highest common factor of 324 and s?
4
Let q(d) = 3964*d - 18156. Let r be q(6). What is the greatest common factor of 448 and r?
28
Suppose -4*p - 4*i + 136 = 0, -85*p = -89*p - 5*i + 142. Calculate the highest common factor of p and 172.
4
Suppose 54 = 21*a + 12. Suppose -5*t + 2*t = -l + 176, -a*l + 362 = -t. What is the highest common factor of l and 26?
26
Suppose -4*f = 2*x + 16, 9 = -5*f + 14. Let u be x/4*(640/8)/(-8). What is the highest common factor of 1 and u?
1
Suppose -2*b - 3*b + 45 = 0. Let i(j) = 0*j**2 - 1 + 0 + j**3 - b*j - 1 - 4*j**2. Let v be i(6). Calculate the greatest common divisor of v and 8.
8
Suppose 4*b - 212 = -3*v, -5*v = 3936*b - 3934*b - 330. Let q be (-6)/9 - 10950/(-9). What is the highest common divisor of q and v?
64
Let f = -5 + 17. Let t = 40410 + -40152. Calculate the highest common divisor of t and f.
6
Let y(l) = l**2 + l - 121. Let v be y(-13). Calculate the greatest common divisor of 91 and v.
7
Let s = -9 + 16. Let x(j) = -j**3 + 8*j**2 - 4*j - 7. Let q be x(s). Let u = -147 + 287. What is the highest common divisor of u and q?
14
Let s(b) = -b + 8. Let a be s(9). Let h be ((43316/42)/(-14))/(a/3). Calculate the highest common divisor of 17 and h.
17
Let s be (166/6)/(3/9). Let d = s - -37. Suppose -18*v + d = -6*v. What is the greatest common divisor of 4 and v?
2
Suppose 2*j - 540 = -2*u, -3*u + 537 = 102*j - 100*j. What is the highest common factor of 2548 and j?
91
Let i(t) = -t**2 + 23*t + 73. Let j be i(24). Suppose -j - 159 = -4*p. Calculate the greatest common divisor of 169 and p.
13
Let h be 5214/1782 - (-2)/27. Suppose q - 52 = -4*i, -h*q + 7*q + 4*i = 208. What is the greatest common divisor of q and 156?
52
Let n(k) = -5*k + 34. Let o be n(6). Suppose -j = -o*j + 99. Let d = -1 - -12. Calculate the highest common divisor of j and d.
11
Suppose 393*d = 405*d - 1716. Calculate the highest common divisor of d and 117.
13
Let a be 500*11/(-55)*(-2 - -4). Let q = -160 - a. Calculate the highest common divisor of q and 72.
8
Suppose -3*w = 1 - 4. Let v be (-18)/(-1 - -4) - -2. Let j(r) = -r**3 - 2*r**2 + 8*r + 7. Let g be j(v). Calculate the greatest common divisor of g and w.
1
Let p = -182 + 185. Suppose 8*w + p*w = 110. Suppose 33 = 2*n + 13. Calculate the greatest common factor of n and w.
10
Suppose 4*j = -0*j - 2*j + 1512. What is the greatest common factor of j and 2996?
28
Suppose 45 + 578 = 7*s. Let a = 152 - s. Let c = -183 - -210. What is the highest common factor of c and a?
9
Let t be ((-2769)/52)/((-2431)/340 - 14/(-2)). What is the highest common factor of t and 4189?
71
Let f = -58 + 156. Let l = f - 99. Let t = l + 2. Calculate the highest common divisor of 1 and t.
1
Let u be (-2 + (-49)/(-2))*(-4)/(-3). Let c be -1 - (67 + 6)*-7. Calculate the greatest common divisor of c and u.
30
Let i be -7 + 144/20 + 1196/20. Let s be 12/(-16)*4 - (1 - 84). Calculate the highest common divisor of s and i.
20
Suppose -13*v = 7*v - 1783 + 83. What is the highest common divisor of v and 280?
5
Let j = 66 - 152. Let n = j + 152. Let o = -200 + 244. Calculate the highest common factor of o and n.
22
Suppose 4*t - 98 = -5*f, -6*t + 5*t - 11*f + 44 = 0. Calculate the greatest common divisor of t and 2882.
22
Let i = 32 + -31. Let g be (i/(-12)*-6)/(2/12). Let q be (-2 + 7 + 2)*g. Calculate the greatest common divisor of 21 and q.
21
Let f(a) = 385*a + 1254. Let t be f(-3). Let q = 106 - -59. What is the highest common factor of q and t?
33
Let v = 1274 + -635. What is the highest common factor of 72 and v?
9
Suppose 143*r + 50410 = 153*r. Calculate the highest common factor of 71 and r.
71
Suppose 6*n - 204 = -3*i, 0 = -i - n + 4 + 67. What is the greatest common divisor of i and 1258?
74
Let s = -11931 + 12308. Calculate the greatest common factor of s and 116.
29
Let o = -4114 - -4121. What is the highest common divisor of 12642 and o?
7
Let x(h) = -396*h**2 - 10*h + 0 + 397*h**2 - 1. Suppose f + 5*l + 7 + 7 = 0, 3*f + 4*l - 13 = 0. Let r be x(f). What is the greatest common factor of r and 10?
10
Let o be ((-3)/15)/(31/(-73625)). Calculate the greatest common factor of o and 800.
25
Suppose 2*w + 1860 = 64*w. Calculate the greatest common factor of 285 and w.
15
Suppose -25180 = -6*z - 18292. Calculate the greatest common factor of z and 21.
7
Let n be 373 - -20 - (13 + -2 - (-4)/(-1)). Calculate the highest common factor of 14 and n.
2
Let i = -1703 - -1713. Suppose 10*r - 16*r + 24 = 0. Calculate the highest common factor of i and r.
2
Suppose t + 5*b = 3*t - 109, 4*t - 5*b - 193 = 0. Suppose -383*y = -401*y + 252. Calculate the highest common divisor of y and t.
14
Let t = -3371 - -5051. What is the highest common divisor of 105 and t?
105
Suppose -3*o + 2*u = -32 + 159, -2*o = 3*u + 89. Let s be 4/30 + o/(-15). What is the highest common factor of s and 48?
3
Suppose -249*x + 3206470 = 349693. Calculate the highest common divisor of x and 308.
77
Suppose 4*c - 11 = 5. Let g be (2 + -2)/c + 0. Suppose 2*b - 84 = 3*m, g = -4*b - 3*m + 2*m + 196. What is the highest common factor of b and 8?
8
Let w = -3044 + 3138. What is the highest common divisor of w and 517?
47
Let w be (-19 + 4)*(-104)/65*(-10)/(-4). What is the highest common factor of 220 and w?
20
Let x(h) = 15*h + 49. Let s be x(1). Suppose -316*k = -320*k + s. Calculate the highest common divisor of k and 176.
16
Let x = 1981 - 1207. Calculate the highest common divisor of x and 243.
9
Suppose 114*v - 59*v - 266 = 17*v. What is the highest common factor of v and 875?
7
Suppose -4*i - 1616 = -2*g, -2764 - 512 = -4*g - 3*i. Let o be -34*((-18)/4)/3. What is the greatest common divisor of g and o?
51
Suppose -38*k = -2151 + 479. What is the highest common factor of 6512 and k?
44
Suppose 529 = 21*b + 11*b - 9*b. Calculate the highest common factor of 3887 and b.
23
Let p be (7/2)/((-892)/(-48) - 18). Suppose 5*y + 3*s + 16 = s, -5*y + 4*s = -2. Let v = y + 8. What is the greatest common divisor of p and v?
6
Let q(b) = 970*b - 3918. Let l be q(5). What is the highest common factor of l and 4?
4
Let j(n) = 85*n**2 + 5*n + 17. Let m be j(-3). Let p = m + -520. What is the highest common factor of p and 38?
19
Suppose d + 39 = 3*n, 2*n + 3*n = d + 63. Let w be 6*4/8 - 19. Let u(i) = 2*i + 38. Let z be u(w). What is the highest common divisor of z and n?
6
Let y(n) = -115*n**2 + 1. Let m be y(-1). Let t = m + 117. Suppose t*s - 35 = -4*q, -36 = 2*s - 5*s - 3*q. Calculate the greatest common divisor of 117 and s.
13
Let j = 19 + -4. Let a(u) = 42*u**2 - 60*u + 57. Let t be a(3). What is the highest common factor of t and j?
15
Let o be 0 + -3 - (5 - -7). Let s be (686/(-6) + -1)*(-18 - o). Let m be -2 - s/(-14) - 10/(-35). Calculate the highest common factor of m and 161.
23
Let f be (-759752)/(-126) + 18/81. What is the greatest common divisor of f and 9?
9
Let f = -93 + 108. Suppose f*i - 114 = 21. What is the greatest common factor of i and 18?
9
Suppose 0 = 2*r - 1 + 3. Let n be 72 + (2 + r - 1). Let d = -16557 - -16605. What is the highest common divisor of n and d?
24
Suppose 108*h - 180 = 99*h. What is the greatest common divisor of 140 and h?
20
Let o be (-36)/(23/(8165/(-10))). Calculate the highest common factor of 18 and o.
18
Let r be 56/700 + (-157240)/(-125). What is the greatest common factor of r and 68?
34
Let b be -1*(-4 + 2 + 5)/3. Let c be 78*(-1)/2*b. Let f = c + 39. What is the greatest common divisor of f and 6?
6
Let l be (-80)/(-14) + (-18)/(-63). Suppose -2*u + 4*o = -l*u + 72, 4*o - 36 = -2*u. Suppose 20*m - 19*m = u. What is the greatest common factor of 72 and m?
18
Suppose y + 363 = 8*x - 4*x, -2*x - 2*y + 194 = 0. Calculate the highest common factor of 7406 and x.
46
Let y be ((-4)/5)/((-2)/25). Let l(z) = -4*z + 48. Let d be l(y). Calculate the greatest common factor of 16 and d.
8
Let j be (142/(-4) - 3)*11376/(-42). What is the greatest common factor of j and 1